the greatest common factor of 20 and 130?
10
What is the greatest common divisor of 2 and 86?
2
What is the greatest common factor of 30 and 870?
30
Calculate the highest common divisor of 32 and 72.
8
What is the highest common divisor of 8964 and 9?
9
Calculate the highest common factor of 600 and 11200.
200
Calculate the highest common factor of 350 and 550.
50
What is the greatest common factor of 1408 and 2684?
44
What is the highest common divisor of 176 and 368?
16
What is the greatest common divisor of 205 and 123?
41
What is the highest common divisor of 2 and 1607?
1
What is the greatest common factor of 31 and 12834?
31
Calculate the highest common factor of 100 and 110.
10
Calculate the highest common factor of 2844 and 36.
36
What is the highest common factor of 110 and 1078?
22
Calculate the greatest common divisor of 1455 and 60.
15
Calculate the highest common divisor of 750 and 6.
6
What is the highest common factor of 11 and 5632?
11
Calculate the greatest common factor of 935 and 165.
55
What is the greatest common divisor of 9306 and 72?
18
Calculate the greatest common divisor of 243 and 333.
9
Calculate the greatest common factor of 71 and 497.
71
Calculate the highest common factor of 649 and 708.
59
What is the greatest common factor of 9 and 15831?
9
Calculate the greatest common factor of 82 and 123.
41
What is the greatest common divisor of 1102 and 116?
58
Calculate the greatest common divisor of 222 and 6.
6
What is the highest common factor of 24 and 114?
6
Calculate the highest common factor of 220 and 32.
4
Calculate the highest common divisor of 150 and 114.
6
Calculate the highest common divisor of 72 and 63.
9
Calculate the greatest common factor of 399 and 285.
57
What is the highest common divisor of 66 and 506?
22
What is the greatest common divisor of 70 and 110?
10
Calculate the highest common divisor of 3172 and 2196.
244
What is the greatest common divisor of 48 and 4496?
16
Calculate the greatest common factor of 13216 and 448.
224
What is the highest common divisor of 162 and 2592?
162
Calculate the highest common factor of 41155 and 5.
5
What is the greatest common factor of 14 and 2513?
7
Calculate the highest common factor of 28 and 756.
28
Calculate the highest common divisor of 2 and 394.
2
What is the greatest common factor of 44 and 121?
11
What is the highest common factor of 429 and 1859?
143
Calculate the greatest common divisor of 72 and 3672.
72
Calculate the greatest common divisor of 5 and 4260.
5
What is the greatest common factor of 1762 and 8?
2
What is the highest common divisor of 935 and 440?
55
Calculate the highest common factor of 299 and 390.
13
Calculate the greatest common divisor of 88 and 374.
22
What is the highest common factor of 29 and 261?
29
What is the greatest common factor of 1137 and 27667?
379
Calculate the highest common divisor of 3 and 3.
3
Calculate the highest common factor of 232 and 1102.
58
What is the greatest common divisor of 70 and 80?
10
What is the greatest common factor of 351 and 13?
13
What is the greatest common divisor of 315 and 3360?
105
What is the highest common factor of 19 and 27493?
19
What is the greatest common divisor of 58 and 58?
58
Calculate the highest common factor of 96 and 180.
12
What is the greatest common divisor of 182 and 196?
14
What is the highest common divisor of 57 and 15?
3
Calculate the highest common divisor of 28 and 182.
14
What is the greatest common divisor of 320 and 248?
8
What is the greatest common factor of 665 and 595?
35
What is the highest common factor of 75 and 505?
5
What is the highest common divisor of 50 and 650?
50
What is the greatest common factor of 37 and 74?
37
What is the greatest common divisor of 183 and 1525?
61
What is the highest common divisor of 365 and 73?
73
What is the highest common factor of 32 and 28?
4
Calculate the highest common factor of 195 and 91.
13
What is the highest common divisor of 132 and 20?
4
Calculate the greatest common factor of 8 and 72.
8
What is the greatest common divisor of 54 and 18234?
18
Calculate the greatest common factor of 30 and 160.
10
Calculate the highest common factor of 465 and 30.
15
Calculate the highest common factor of 5124 and 61.
61
Calculate the greatest common factor of 574 and 28.
14
Calculate the greatest common divisor of 45 and 40.
5
What is the greatest common divisor of 558 and 126?
18
Calculate the highest common factor of 117 and 91.
13
Calculate the highest common factor of 22 and 2662.
22
Calculate the highest common factor of 29 and 2378.
29
Calculate the highest common factor of 54 and 342.
18
Calculate the highest common divisor of 11 and 2519.
11
Calculate the highest common divisor of 126 and 9513.
63
Calculate the highest common factor of 469 and 7.
7
Calculate the highest common divisor of 9 and 27774.
9
What is the greatest common factor of 288 and 9?
9
Calculate the highest common divisor of 161 and 217.
7
Calculate the highest common divisor of 10 and 162.
2
What is the highest common divisor of 176 and 19888?
176
What is the highest common divisor of 231 and 84?
21
What is the greatest common divisor of 3 and 8?
1
Calculate the greatest common divisor of 45 and 18.
9
What is the greatest common factor of 342 and 6498?
342
Calculate the greatest common divisor of 136 and 2312.
136
What is the greatest common divisor of 84 and 140?
28
Calculate the highest common divisor of 14 and 434.
14
Calculate the highest common factor of 183 and 66.
3
What is the highest common divisor of 108 and 270?
54
What is the greatest common factor of 148 and 444?
148
Calculate the highest common divisor of 441 and 196.
49
What is the highest common divisor of 168 and 20328?
168
Calculate the highest common factor of 11792 and 176.
176
Calculate the greatest common divisor of 9158 and 19.
19
What is the highest common divisor of 38 and 1007?
19
What is the highest common divisor of 28913 and 29?
29
What is the highest common factor of 3030 and 210?
30
What is the highest common divisor of 486 and 18?
18
Calculate the highest common divisor of 2920 and 40.
40
What is the greatest common divisor of 2603 and 779?
19
What is the greatest common factor of 6 and 21?
3
Calculate the highest common divisor of 4188 and 12.
12
Calculate the highest common factor of 99 and 55.
11
What is the greatest common divisor of 19 and 8797?
19
Calculate the highest common divisor of 117 and 63.
9
What is the greatest common factor of 34 and 221?
17
Calculate the greatest common factor of 42 and 2163.
21
What is the highest common factor of 2432 and 285?
19
What is the highest common divisor of 11 and 671?
11
What is the highest common factor of 338 and 169?
169
Calculate the highest common divisor of 108 and 36.
36
What is the highest common divisor of 192 and 132?
12
What is the highest common divisor of 36648 and 72?
72
What is the greatest common divisor of 15 and 795?
15
What is the greatest common factor of 192 and 30?
6
What is the greatest common divisor of 28 and 1967?
7
Calculate the highest common divisor of 100 and 20.
20
What is the greatest common factor of 356 and 19046?
178
What is the highest common factor of 20 and 935?
5
Calculate the greatest common divisor of 86 and 9374.
86
Calculate the greatest common divisor of 9810 and 90.
90
What is the greatest common factor of 128 and 48?
16
Calculate the highest common factor of 532 and 28.
28
What is the highest common factor of 425 and 200?
25
Calculate the highest common factor of 98 and 147.
49
Calculate the highest common divisor of 740 and 5365.
185
What is the greatest common factor of 8650 and 200?
50
What is the greatest common factor of 29 and 29?
29
Calculate the greatest common factor of 33 and 1188.
33
Calculate the highest common factor of 1392 and 120.
24
What is the greatest common factor of 2896 and 8?
8
Calculate the greatest common factor of 228 and 30.
6
Calculate the greatest common factor of 16 and 104.
8
What is the highest common factor of 455 and 182?
91
What is the highest common divisor of 115 and 46?
23
Calculate the greatest common divisor of 5 and 640.
5
Calculate the greatest common divisor of 112 and 42.
14
What is the highest common factor of 1 and 64?
1
Ca